{"id":3209,"date":"2024-12-09T18:24:51","date_gmt":"2024-12-09T17:24:51","guid":{"rendered":"https:\/\/ribetglobal.com\/?post_type=product&#038;p=3209"},"modified":"2024-12-20T13:00:38","modified_gmt":"2024-12-20T12:00:38","slug":"nestea-maracuya-lata-33cl-108","status":"publish","type":"product","link":"https:\/\/ribetglobal.com\/index.php\/producto\/nestea-maracuya-lata-33cl-108\/","title":{"rendered":"NESTEA MARACUYA LATA 33cl"},"content":{"rendered":"<p>La <strong>Nestea Maracuy\u00e1 Lata 33cl 108<\/strong> es una bebida refrescante con sabor a maracuy\u00e1, parte de la conocida l\u00ednea de t\u00e9s helados de Nestea. Este sabor ofrece una experiencia tropical y ex\u00f3tica gracias a la combinaci\u00f3n del t\u00e9 con el caracter\u00edstico y vibrante sabor de la maracuy\u00e1, tambi\u00e9n conocida como fruta de la pasi\u00f3n.<\/p>\n<h3>Caracter\u00edsticas principales:<\/h3>\n<ol>\n<li><strong>Sabor refrescante de maracuy\u00e1<\/strong>: La bebida destaca por su sabor afrutado y dulce, con un toque ligeramente \u00e1cido, propio de la maracuy\u00e1. Perfecta para refrescarse en cualquier momento del d\u00eda.<\/li>\n<li><strong>Bajo en calor\u00edas<\/strong>: Este producto generalmente ofrece una alternativa m\u00e1s ligera a las versiones tradicionales de refrescos, gracias a la reducci\u00f3n de az\u00facares y su bajo contenido cal\u00f3rico.<\/li>\n<li><strong>Formato conveniente de lata de 33cl<\/strong>: La lata de 33cl es ideal para llevar, disfrutar en cualquier momento o servir en eventos y reuniones, garantizando la cantidad perfecta para una porci\u00f3n refrescante.<\/li>\n<li><strong>T\u00e9 helado con sabor a frutas<\/strong>: El Nestea Maracuy\u00e1 combina la tradici\u00f3n del t\u00e9 con el toque tropical de la maracuy\u00e1, lo que lo convierte en una opci\u00f3n popular entre quienes buscan una bebida diferente y sabrosa.<\/li>\n<li><strong>Pr\u00e1ctico y f\u00e1cil de almacenar<\/strong>: El formato en lata es muy pr\u00e1ctico, f\u00e1cil de almacenar y transportar, lo que hace que esta bebida sea adecuada para diversas ocasiones.<\/li>\n<\/ol>\n<p>La <strong>Nestea Maracuy\u00e1<\/strong> es una opci\u00f3n excelente para quienes buscan una bebida refrescante, ligera y con un sabor ex\u00f3tico. Ideal para disfrutar solo o acompa\u00f1ado de una comida ligera.<\/p>\n","protected":false},"excerpt":{"rendered":"<p>Pack de 24<\/p>\n","protected":false},"featured_media":3210,"template":"","meta":{"site-sidebar-layout":"default","site-content-layout":"","ast-site-content-layout":"default","site-content-style":"default","site-sidebar-style":"default","ast-global-header-display":"","ast-banner-title-visibility":"","ast-main-header-display":"","ast-hfb-above-header-display":"","ast-hfb-below-header-display":"","ast-hfb-mobile-header-display":"","site-post-title":"","ast-breadcrumbs-content":"","ast-featured-img":"","footer-sml-layout":"","ast-disable-related-posts":"","theme-transparent-header-meta":"default","adv-header-id-meta":"","stick-header-meta":"","header-above-stick-meta":"","header-main-stick-meta":"","header-below-stick-meta":"","astra-migrate-meta-layouts":"set","ast-page-background-enabled":"default","ast-page-background-meta":{"desktop":{"background-color":"var(--ast-global-color-4)","background-image":"","background-repeat":"repeat","background-position":"center center","background-size":"auto","background-attachment":"scroll","background-type":"","background-media":"","overlay-type":"","overlay-color":"","overlay-opacity":"","overlay-gradient":""},"tablet":{"background-color":"","background-image":"","background-repeat":"repeat","background-position":"center center","background-size":"auto","background-attachment":"scroll","background-type":"","background-media":"","overlay-type":"","overlay-color":"","overlay-opacity":"","overlay-gradient":""},"mobile":{"background-color":"","background-image":"","background-repeat":"repeat","background-position":"center center","background-size":"auto","background-attachment":"scroll","background-type":"","background-media":"","overlay-type":"","overlay-color":"","overlay-opacity":"","overlay-gradient":""}},"ast-content-background-meta":{"desktop":{"background-color":"var(--ast-global-color-5)","background-image":"","background-repeat":"repeat","background-position":"center center","background-size":"auto","background-attachment":"scroll","background-type":"","background-media":"","overlay-type":"","overlay-color":"","overlay-opacity":"","overlay-gradient":""},"tablet":{"background-color":"var(--ast-global-color-5)","background-image":"","background-repeat":"repeat","background-position":"center center","background-size":"auto","background-attachment":"scroll","background-type":"","background-media":"","overlay-type":"","overlay-color":"","overlay-opacity":"","overlay-gradient":""},"mobile":{"background-color":"var(--ast-global-color-5)","background-image":"","background-repeat":"repeat","background-position":"center center","background-size":"auto","background-attachment":"scroll","background-type":"","background-media":"","overlay-type":"","overlay-color":"","overlay-opacity":"","overlay-gradient":""}},"_themeisle_gutenberg_block_has_review":false},"product_brand":[],"product_cat":[37,20],"product_tag":[],"class_list":{"0":"post-3209","1":"product","2":"type-product","3":"status-publish","4":"has-post-thumbnail","6":"product_cat-nestea","7":"product_cat-refrescos","8":"desktop-align-center","9":"tablet-align-left","10":"mobile-align-left","12":"first","13":"onbackorder","14":"taxable","15":"shipping-taxable","16":"product-type-simple"},"_links":{"self":[{"href":"https:\/\/ribetglobal.com\/index.php\/wp-json\/wp\/v2\/product\/3209","targetHints":{"allow":["GET"]}}],"collection":[{"href":"https:\/\/ribetglobal.com\/index.php\/wp-json\/wp\/v2\/product"}],"about":[{"href":"https:\/\/ribetglobal.com\/index.php\/wp-json\/wp\/v2\/types\/product"}],"version-history":[{"count":5,"href":"https:\/\/ribetglobal.com\/index.php\/wp-json\/wp\/v2\/product\/3209\/revisions"}],"predecessor-version":[{"id":3578,"href":"https:\/\/ribetglobal.com\/index.php\/wp-json\/wp\/v2\/product\/3209\/revisions\/3578"}],"wp:featuredmedia":[{"embeddable":true,"href":"https:\/\/ribetglobal.com\/index.php\/wp-json\/wp\/v2\/media\/3210"}],"wp:attachment":[{"href":"https:\/\/ribetglobal.com\/index.php\/wp-json\/wp\/v2\/media?parent=3209"}],"wp:term":[{"taxonomy":"product_brand","embeddable":true,"href":"https:\/\/ribetglobal.com\/index.php\/wp-json\/wp\/v2\/product_brand?post=3209"},{"taxonomy":"product_cat","embeddable":true,"href":"https:\/\/ribetglobal.com\/index.php\/wp-json\/wp\/v2\/product_cat?post=3209"},{"taxonomy":"product_tag","embeddable":true,"href":"https:\/\/ribetglobal.com\/index.php\/wp-json\/wp\/v2\/product_tag?post=3209"}],"curies":[{"name":"wp","href":"https:\/\/api.w.org\/{rel}","templated":true}]}}