{"id":3095,"date":"2024-12-05T15:56:08","date_gmt":"2024-12-05T14:56:08","guid":{"rendered":"https:\/\/ribetglobal.com\/?post_type=product&#038;p=3095"},"modified":"2024-12-13T11:21:52","modified_gmt":"2024-12-13T10:21:52","slug":"cacaolat-plastico-20cl-caja-24","status":"publish","type":"product","link":"https:\/\/ribetglobal.com\/index.php\/producto\/cacaolat-plastico-20cl-caja-24\/","title":{"rendered":"CACAOLAT PLASTICO 20CL CAJA 24"},"content":{"rendered":"<p><strong>Cacaolat Pl\u00e1stico 20CL Caja 24<\/strong> es una deliciosa bebida de cacao que ofrece un sabor suave y cremoso en una pr\u00e1ctica presentaci\u00f3n de 20 cl. Ideal para disfrutar en cualquier momento del d\u00eda, especialmente como merienda o para acompa\u00f1ar tus momentos de descanso.<\/p>\n<ol>\n<li><strong>Sabor delicioso<\/strong>: Cacaolat es reconocido por su sabor \u00fanico y suave a cacao, que proporciona una experiencia agradable y reconfortante. Su mezcla perfecta de cacao y leche hace que cada sorbo sea una delicia.<\/li>\n<li><strong>Pr\u00e1ctica presentaci\u00f3n<\/strong>: Viene en envases de 20 cl, lo que la convierte en una opci\u00f3n c\u00f3moda y f\u00e1cil de transportar. Perfecta para llevar al trabajo, a la escuela o para disfrutar en casa.<\/li>\n<li><strong>Caja de 24 unidades<\/strong>: Esta caja incluye 24 unidades de Cacaolat, lo que la convierte en una opci\u00f3n econ\u00f3mica y conveniente para tener siempre disponible tu bebida favorita. Ideal para familias, oficinas o peque\u00f1os negocios.<\/li>\n<li><strong>Bebida refrescante<\/strong>: Aunque es una bebida cremosa, su sabor fresco y suave la convierte en una excelente opci\u00f3n para disfrutar durante todo el a\u00f1o, tanto fr\u00eda como a temperatura ambiente.<\/li>\n<li><strong>Marca de confianza<\/strong>: Cacaolat es una marca espa\u00f1ola de larga trayectoria, conocida por su compromiso con la calidad y su sabor aut\u00e9ntico, que ha conquistado a generaciones de consumidores.<\/li>\n<\/ol>\n<p><strong>Cacaolat Pl\u00e1stico 20CL Caja 24<\/strong> es la opci\u00f3n perfecta para quienes buscan disfrutar de una bebida de cacao deliciosa y pr\u00e1ctica.<\/p>\n","protected":false},"excerpt":{"rendered":"<p>Pack de 24<\/p>\n","protected":false},"featured_media":3096,"template":"","meta":{"site-sidebar-layout":"default","site-content-layout":"","ast-site-content-layout":"default","site-content-style":"default","site-sidebar-style":"default","ast-global-header-display":"","ast-banner-title-visibility":"","ast-main-header-display":"","ast-hfb-above-header-display":"","ast-hfb-below-header-display":"","ast-hfb-mobile-header-display":"","site-post-title":"","ast-breadcrumbs-content":"","ast-featured-img":"","footer-sml-layout":"","ast-disable-related-posts":"","theme-transparent-header-meta":"default","adv-header-id-meta":"","stick-header-meta":"","header-above-stick-meta":"","header-main-stick-meta":"","header-below-stick-meta":"","astra-migrate-meta-layouts":"set","ast-page-background-enabled":"default","ast-page-background-meta":{"desktop":{"background-color":"var(--ast-global-color-4)","background-image":"","background-repeat":"repeat","background-position":"center center","background-size":"auto","background-attachment":"scroll","background-type":"","background-media":"","overlay-type":"","overlay-color":"","overlay-opacity":"","overlay-gradient":""},"tablet":{"background-color":"","background-image":"","background-repeat":"repeat","background-position":"center center","background-size":"auto","background-attachment":"scroll","background-type":"","background-media":"","overlay-type":"","overlay-color":"","overlay-opacity":"","overlay-gradient":""},"mobile":{"background-color":"","background-image":"","background-repeat":"repeat","background-position":"center center","background-size":"auto","background-attachment":"scroll","background-type":"","background-media":"","overlay-type":"","overlay-color":"","overlay-opacity":"","overlay-gradient":""}},"ast-content-background-meta":{"desktop":{"background-color":"var(--ast-global-color-5)","background-image":"","background-repeat":"repeat","background-position":"center center","background-size":"auto","background-attachment":"scroll","background-type":"","background-media":"","overlay-type":"","overlay-color":"","overlay-opacity":"","overlay-gradient":""},"tablet":{"background-color":"var(--ast-global-color-5)","background-image":"","background-repeat":"repeat","background-position":"center center","background-size":"auto","background-attachment":"scroll","background-type":"","background-media":"","overlay-type":"","overlay-color":"","overlay-opacity":"","overlay-gradient":""},"mobile":{"background-color":"var(--ast-global-color-5)","background-image":"","background-repeat":"repeat","background-position":"center center","background-size":"auto","background-attachment":"scroll","background-type":"","background-media":"","overlay-type":"","overlay-color":"","overlay-opacity":"","overlay-gradient":""}},"_themeisle_gutenberg_block_has_review":false},"product_brand":[],"product_cat":[152,20],"product_tag":[],"class_list":{"0":"post-3095","1":"product","2":"type-product","3":"status-publish","4":"has-post-thumbnail","6":"product_cat-cacaolat","7":"product_cat-refrescos","8":"desktop-align-center","9":"tablet-align-left","10":"mobile-align-left","12":"first","13":"onbackorder","14":"taxable","15":"shipping-taxable","16":"product-type-simple"},"_links":{"self":[{"href":"https:\/\/ribetglobal.com\/index.php\/wp-json\/wp\/v2\/product\/3095","targetHints":{"allow":["GET"]}}],"collection":[{"href":"https:\/\/ribetglobal.com\/index.php\/wp-json\/wp\/v2\/product"}],"about":[{"href":"https:\/\/ribetglobal.com\/index.php\/wp-json\/wp\/v2\/types\/product"}],"version-history":[{"count":3,"href":"https:\/\/ribetglobal.com\/index.php\/wp-json\/wp\/v2\/product\/3095\/revisions"}],"predecessor-version":[{"id":3483,"href":"https:\/\/ribetglobal.com\/index.php\/wp-json\/wp\/v2\/product\/3095\/revisions\/3483"}],"wp:featuredmedia":[{"embeddable":true,"href":"https:\/\/ribetglobal.com\/index.php\/wp-json\/wp\/v2\/media\/3096"}],"wp:attachment":[{"href":"https:\/\/ribetglobal.com\/index.php\/wp-json\/wp\/v2\/media?parent=3095"}],"wp:term":[{"taxonomy":"product_brand","embeddable":true,"href":"https:\/\/ribetglobal.com\/index.php\/wp-json\/wp\/v2\/product_brand?post=3095"},{"taxonomy":"product_cat","embeddable":true,"href":"https:\/\/ribetglobal.com\/index.php\/wp-json\/wp\/v2\/product_cat?post=3095"},{"taxonomy":"product_tag","embeddable":true,"href":"https:\/\/ribetglobal.com\/index.php\/wp-json\/wp\/v2\/product_tag?post=3095"}],"curies":[{"name":"wp","href":"https:\/\/api.w.org\/{rel}","templated":true}]}}