{"id":3044,"date":"2024-12-05T13:02:13","date_gmt":"2024-12-05T12:02:13","guid":{"rendered":"https:\/\/ribetglobal.com\/?post_type=product&#038;p=3044"},"modified":"2024-12-13T11:09:21","modified_gmt":"2024-12-13T10:09:21","slug":"solan-de-cabras-15l-pack6","status":"publish","type":"product","link":"https:\/\/ribetglobal.com\/index.php\/producto\/solan-de-cabras-15l-pack6\/","title":{"rendered":"SOLAN DE CABRAS 1,5L PACK6"},"content":{"rendered":"<p><strong>Sol\u00e1n de Cabras 1,5L Pack 6<\/strong> es un agua mineral natural de alta calidad, presentada en un pr\u00e1ctico pack de 6 botellas de 1,5 litros cada una, ideal para mantenerte hidratado a lo largo del d\u00eda. Sus caracter\u00edsticas principales son:<\/p>\n<ol>\n<li><strong>Agua mineral de manantial<\/strong>: Sol\u00e1n de Cabras proviene de un manantial natural, reconocido por la pureza y suavidad de sus aguas. Su proceso de extracci\u00f3n y embotellado asegura que el agua conserve sus propiedades \u00fanicas.<\/li>\n<li><strong>Sabor suave y ligero<\/strong>: Con un sabor fresco y equilibrado, Sol\u00e1n de Cabras es conocida por su pureza y suavidad, lo que la convierte en una de las opciones preferidas para quienes buscan una experiencia de hidrataci\u00f3n de calidad.<\/li>\n<li><strong>Botellas de gran capacidad<\/strong>: Con botellas de 1,5 litros, este pack ofrece una cantidad ideal para el hogar, la oficina o para llevar en viajes, garantizando comodidad y ahorro en cada compra.<\/li>\n<li><strong>Agua premium<\/strong>: Sol\u00e1n de Cabras es una marca premium que se distingue por su compromiso con la calidad, siendo sin\u00f3nimo de agua mineral de alto prestigio en Espa\u00f1a y m\u00e1s all\u00e1.<\/li>\n<li><strong>Ideal para toda la familia<\/strong>: Gracias a su formato de pack de 6, es perfecta para familias, eventos o para quienes prefieren tener siempre agua fresca a mano.<\/li>\n<\/ol>\n<p><strong>Sol\u00e1n de Cabras 1,5L Pack 6<\/strong> es la opci\u00f3n perfecta para quienes buscan agua de alta calidad, con un sabor delicado y refrescante, en un formato conveniente para disfrutar a lo largo del d\u00eda.<\/p>\n","protected":false},"excerpt":{"rendered":"<p>Pack de 6<\/p>\n","protected":false},"featured_media":3045,"template":"","meta":{"site-sidebar-layout":"default","site-content-layout":"","ast-site-content-layout":"default","site-content-style":"default","site-sidebar-style":"default","ast-global-header-display":"","ast-banner-title-visibility":"","ast-main-header-display":"","ast-hfb-above-header-display":"","ast-hfb-below-header-display":"","ast-hfb-mobile-header-display":"","site-post-title":"","ast-breadcrumbs-content":"","ast-featured-img":"","footer-sml-layout":"","ast-disable-related-posts":"","theme-transparent-header-meta":"default","adv-header-id-meta":"","stick-header-meta":"","header-above-stick-meta":"","header-main-stick-meta":"","header-below-stick-meta":"","astra-migrate-meta-layouts":"set","ast-page-background-enabled":"default","ast-page-background-meta":{"desktop":{"background-color":"var(--ast-global-color-4)","background-image":"","background-repeat":"repeat","background-position":"center center","background-size":"auto","background-attachment":"scroll","background-type":"","background-media":"","overlay-type":"","overlay-color":"","overlay-opacity":"","overlay-gradient":""},"tablet":{"background-color":"","background-image":"","background-repeat":"repeat","background-position":"center center","background-size":"auto","background-attachment":"scroll","background-type":"","background-media":"","overlay-type":"","overlay-color":"","overlay-opacity":"","overlay-gradient":""},"mobile":{"background-color":"","background-image":"","background-repeat":"repeat","background-position":"center center","background-size":"auto","background-attachment":"scroll","background-type":"","background-media":"","overlay-type":"","overlay-color":"","overlay-opacity":"","overlay-gradient":""}},"ast-content-background-meta":{"desktop":{"background-color":"var(--ast-global-color-5)","background-image":"","background-repeat":"repeat","background-position":"center center","background-size":"auto","background-attachment":"scroll","background-type":"","background-media":"","overlay-type":"","overlay-color":"","overlay-opacity":"","overlay-gradient":""},"tablet":{"background-color":"var(--ast-global-color-5)","background-image":"","background-repeat":"repeat","background-position":"center center","background-size":"auto","background-attachment":"scroll","background-type":"","background-media":"","overlay-type":"","overlay-color":"","overlay-opacity":"","overlay-gradient":""},"mobile":{"background-color":"var(--ast-global-color-5)","background-image":"","background-repeat":"repeat","background-position":"center center","background-size":"auto","background-attachment":"scroll","background-type":"","background-media":"","overlay-type":"","overlay-color":"","overlay-opacity":"","overlay-gradient":""}},"_themeisle_gutenberg_block_has_review":false},"product_brand":[],"product_cat":[30,149],"product_tag":[],"class_list":{"0":"post-3044","1":"product","2":"type-product","3":"status-publish","4":"has-post-thumbnail","6":"product_cat-aguas","7":"product_cat-solan-de-cabras","8":"desktop-align-center","9":"tablet-align-left","10":"mobile-align-left","12":"first","13":"onbackorder","14":"taxable","15":"shipping-taxable","16":"product-type-simple"},"_links":{"self":[{"href":"https:\/\/ribetglobal.com\/index.php\/wp-json\/wp\/v2\/product\/3044","targetHints":{"allow":["GET"]}}],"collection":[{"href":"https:\/\/ribetglobal.com\/index.php\/wp-json\/wp\/v2\/product"}],"about":[{"href":"https:\/\/ribetglobal.com\/index.php\/wp-json\/wp\/v2\/types\/product"}],"version-history":[{"count":3,"href":"https:\/\/ribetglobal.com\/index.php\/wp-json\/wp\/v2\/product\/3044\/revisions"}],"predecessor-version":[{"id":3475,"href":"https:\/\/ribetglobal.com\/index.php\/wp-json\/wp\/v2\/product\/3044\/revisions\/3475"}],"wp:featuredmedia":[{"embeddable":true,"href":"https:\/\/ribetglobal.com\/index.php\/wp-json\/wp\/v2\/media\/3045"}],"wp:attachment":[{"href":"https:\/\/ribetglobal.com\/index.php\/wp-json\/wp\/v2\/media?parent=3044"}],"wp:term":[{"taxonomy":"product_brand","embeddable":true,"href":"https:\/\/ribetglobal.com\/index.php\/wp-json\/wp\/v2\/product_brand?post=3044"},{"taxonomy":"product_cat","embeddable":true,"href":"https:\/\/ribetglobal.com\/index.php\/wp-json\/wp\/v2\/product_cat?post=3044"},{"taxonomy":"product_tag","embeddable":true,"href":"https:\/\/ribetglobal.com\/index.php\/wp-json\/wp\/v2\/product_tag?post=3044"}],"curies":[{"name":"wp","href":"https:\/\/api.w.org\/{rel}","templated":true}]}}