{"id":2986,"date":"2024-11-15T16:24:31","date_gmt":"2024-11-15T15:24:31","guid":{"rendered":"https:\/\/ribetglobal.com\/?post_type=product&#038;p=2986"},"modified":"2024-12-13T10:56:28","modified_gmt":"2024-12-13T09:56:28","slug":"nescafe-desc-200g","status":"publish","type":"product","link":"https:\/\/ribetglobal.com\/index.php\/producto\/nescafe-desc-200g\/","title":{"rendered":"NESCAFE DESC.200G"},"content":{"rendered":"<p><strong>Nescaf\u00e9 Descafeinado 200G<\/strong> es el caf\u00e9 perfecto para quienes desean disfrutar del sabor y aroma de un buen caf\u00e9 sin los efectos de la cafe\u00edna. Presentado en un formato de 200 gramos, esta variedad de Nescaf\u00e9 ofrece una opci\u00f3n suave y deliciosa para aquellos que buscan una alternativa m\u00e1s relajante, ideal para cualquier momento del d\u00eda.<\/p>\n<p>El <strong>Nescaf\u00e9 Descafeinado 200G<\/strong> se elabora con granos seleccionados de alta calidad, ofreciendo una experiencia de sabor rica y equilibrada. Con su proceso de descafeinado, conserva todas las propiedades del caf\u00e9 tradicional pero sin el contenido de cafe\u00edna, lo que lo convierte en una opci\u00f3n ideal para disfrutar por la noche o para quienes prefieren reducir su consumo de cafe\u00edna.<\/p>\n<p>Este caf\u00e9 es f\u00e1cil de preparar, ya sea con agua o leche, y es perfecto para disfrutar solo o acompa\u00f1ado de postres y dulces. Este es muy popular en Espa\u00f1a y se encuentra en la mayor\u00eda de los supermercados, siendo una opci\u00f3n confiable y pr\u00e1ctica para los amantes del caf\u00e9 que buscan una bebida suave y sabrosa.<\/p>\n<p>Con su formato de 200 gramos, <strong>Nescaf\u00e9 Descafeinado 200G<\/strong> es perfecto para el hogar o la oficina, permiti\u00e9ndote disfrutar de una taza de caf\u00e9 suave y reconfortante en cualquier momento del d\u00eda.<\/p>\n","protected":false},"excerpt":{"rendered":"<p>Pack de 6<\/p>\n","protected":false},"featured_media":2987,"template":"","meta":{"site-sidebar-layout":"default","site-content-layout":"","ast-site-content-layout":"default","site-content-style":"default","site-sidebar-style":"default","ast-global-header-display":"","ast-banner-title-visibility":"","ast-main-header-display":"","ast-hfb-above-header-display":"","ast-hfb-below-header-display":"","ast-hfb-mobile-header-display":"","site-post-title":"","ast-breadcrumbs-content":"","ast-featured-img":"","footer-sml-layout":"","ast-disable-related-posts":"","theme-transparent-header-meta":"default","adv-header-id-meta":"","stick-header-meta":"","header-above-stick-meta":"","header-main-stick-meta":"","header-below-stick-meta":"","astra-migrate-meta-layouts":"set","ast-page-background-enabled":"default","ast-page-background-meta":{"desktop":{"background-color":"var(--ast-global-color-4)","background-image":"","background-repeat":"repeat","background-position":"center center","background-size":"auto","background-attachment":"scroll","background-type":"","background-media":"","overlay-type":"","overlay-color":"","overlay-opacity":"","overlay-gradient":""},"tablet":{"background-color":"","background-image":"","background-repeat":"repeat","background-position":"center center","background-size":"auto","background-attachment":"scroll","background-type":"","background-media":"","overlay-type":"","overlay-color":"","overlay-opacity":"","overlay-gradient":""},"mobile":{"background-color":"","background-image":"","background-repeat":"repeat","background-position":"center center","background-size":"auto","background-attachment":"scroll","background-type":"","background-media":"","overlay-type":"","overlay-color":"","overlay-opacity":"","overlay-gradient":""}},"ast-content-background-meta":{"desktop":{"background-color":"var(--ast-global-color-5)","background-image":"","background-repeat":"repeat","background-position":"center center","background-size":"auto","background-attachment":"scroll","background-type":"","background-media":"","overlay-type":"","overlay-color":"","overlay-opacity":"","overlay-gradient":""},"tablet":{"background-color":"var(--ast-global-color-5)","background-image":"","background-repeat":"repeat","background-position":"center center","background-size":"auto","background-attachment":"scroll","background-type":"","background-media":"","overlay-type":"","overlay-color":"","overlay-opacity":"","overlay-gradient":""},"mobile":{"background-color":"var(--ast-global-color-5)","background-image":"","background-repeat":"repeat","background-position":"center center","background-size":"auto","background-attachment":"scroll","background-type":"","background-media":"","overlay-type":"","overlay-color":"","overlay-opacity":"","overlay-gradient":""}},"_themeisle_gutenberg_block_has_review":false},"product_brand":[],"product_cat":[31,146],"product_tag":[],"class_list":{"0":"post-2986","1":"product","2":"type-product","3":"status-publish","4":"has-post-thumbnail","6":"product_cat-alimentacion","7":"product_cat-nescafe-descaf","8":"desktop-align-center","9":"tablet-align-left","10":"mobile-align-left","12":"first","13":"instock","14":"taxable","15":"shipping-taxable","16":"product-type-simple"},"_links":{"self":[{"href":"https:\/\/ribetglobal.com\/index.php\/wp-json\/wp\/v2\/product\/2986","targetHints":{"allow":["GET"]}}],"collection":[{"href":"https:\/\/ribetglobal.com\/index.php\/wp-json\/wp\/v2\/product"}],"about":[{"href":"https:\/\/ribetglobal.com\/index.php\/wp-json\/wp\/v2\/types\/product"}],"version-history":[{"count":4,"href":"https:\/\/ribetglobal.com\/index.php\/wp-json\/wp\/v2\/product\/2986\/revisions"}],"predecessor-version":[{"id":3464,"href":"https:\/\/ribetglobal.com\/index.php\/wp-json\/wp\/v2\/product\/2986\/revisions\/3464"}],"wp:featuredmedia":[{"embeddable":true,"href":"https:\/\/ribetglobal.com\/index.php\/wp-json\/wp\/v2\/media\/2987"}],"wp:attachment":[{"href":"https:\/\/ribetglobal.com\/index.php\/wp-json\/wp\/v2\/media?parent=2986"}],"wp:term":[{"taxonomy":"product_brand","embeddable":true,"href":"https:\/\/ribetglobal.com\/index.php\/wp-json\/wp\/v2\/product_brand?post=2986"},{"taxonomy":"product_cat","embeddable":true,"href":"https:\/\/ribetglobal.com\/index.php\/wp-json\/wp\/v2\/product_cat?post=2986"},{"taxonomy":"product_tag","embeddable":true,"href":"https:\/\/ribetglobal.com\/index.php\/wp-json\/wp\/v2\/product_tag?post=2986"}],"curies":[{"name":"wp","href":"https:\/\/api.w.org\/{rel}","templated":true}]}}