{"id":2982,"date":"2024-11-11T12:57:56","date_gmt":"2024-11-11T11:57:56","guid":{"rendered":"https:\/\/ribetglobal.com\/?post_type=product&#038;p=2982"},"modified":"2024-12-16T15:49:04","modified_gmt":"2024-12-16T14:49:04","slug":"vino-perelada-blanc-de-blancs-75cl-12o","status":"publish","type":"product","link":"https:\/\/ribetglobal.com\/index.php\/producto\/vino-perelada-blanc-de-blancs-75cl-12o\/","title":{"rendered":"VINO PERELADA BLANC DE BLANCS 75CL 12\u00ba"},"content":{"rendered":"<p><strong>Vino Perelada Blanc de Blancs 75CL 12\u00ba<\/strong> es un vino espumoso de calidad, elaborado con las mejores uvas blancas. Con una graduaci\u00f3n alcoh\u00f3lica de 12\u00ba, este vino se caracteriza por su frescura, ligereza y elegancia, lo que lo convierte en una opci\u00f3n ideal para todo tipo de celebraciones y ocasiones especiales.<\/p>\n<p>Presentado en una botella de 75 cl, \u00a0es perfecto para disfrutar en copas de flauta, brindando una experiencia burbujeante y refrescante. Su sabor afrutado y sus delicadas burbujas lo hacen una bebida ideal para acompa\u00f1ar aperitivos, mariscos, pescados o platos ligeros.<\/p>\n<p>El <strong>Vino Perelada Blanc de Blancs 75CL 12\u00ba<\/strong> es muy popular en Espa\u00f1a, especialmente en la regi\u00f3n del Pened\u00e9s, conocida por la producci\u00f3n de excelentes vinos y cavas. Este vino espumoso refleja la tradici\u00f3n y calidad de la bodega Perelada, que lleva a\u00f1os ofreciendo productos de prestigio.<\/p>\n<p>Adem\u00e1s, <strong>Vino Perelada Blanc de Blancs 75CL 12\u00ba<\/strong> es una excelente opci\u00f3n para quienes buscan un vino espumoso que combine frescura, elegancia y sabor en cada copa. Es perfecto para brindar en celebraciones, como aperitivo o para acompa\u00f1ar momentos especiales con amigos y familiares.<\/p>\n","protected":false},"excerpt":{"rendered":"<p>Pack de 6<\/p>\n","protected":false},"featured_media":2983,"template":"","meta":{"site-sidebar-layout":"default","site-content-layout":"","ast-site-content-layout":"default","site-content-style":"default","site-sidebar-style":"default","ast-global-header-display":"","ast-banner-title-visibility":"","ast-main-header-display":"","ast-hfb-above-header-display":"","ast-hfb-below-header-display":"","ast-hfb-mobile-header-display":"","site-post-title":"","ast-breadcrumbs-content":"","ast-featured-img":"","footer-sml-layout":"","ast-disable-related-posts":"","theme-transparent-header-meta":"default","adv-header-id-meta":"","stick-header-meta":"","header-above-stick-meta":"","header-main-stick-meta":"","header-below-stick-meta":"","astra-migrate-meta-layouts":"set","ast-page-background-enabled":"default","ast-page-background-meta":{"desktop":{"background-color":"var(--ast-global-color-4)","background-image":"","background-repeat":"repeat","background-position":"center center","background-size":"auto","background-attachment":"scroll","background-type":"","background-media":"","overlay-type":"","overlay-color":"","overlay-opacity":"","overlay-gradient":""},"tablet":{"background-color":"","background-image":"","background-repeat":"repeat","background-position":"center center","background-size":"auto","background-attachment":"scroll","background-type":"","background-media":"","overlay-type":"","overlay-color":"","overlay-opacity":"","overlay-gradient":""},"mobile":{"background-color":"","background-image":"","background-repeat":"repeat","background-position":"center center","background-size":"auto","background-attachment":"scroll","background-type":"","background-media":"","overlay-type":"","overlay-color":"","overlay-opacity":"","overlay-gradient":""}},"ast-content-background-meta":{"desktop":{"background-color":"var(--ast-global-color-5)","background-image":"","background-repeat":"repeat","background-position":"center center","background-size":"auto","background-attachment":"scroll","background-type":"","background-media":"","overlay-type":"","overlay-color":"","overlay-opacity":"","overlay-gradient":""},"tablet":{"background-color":"var(--ast-global-color-5)","background-image":"","background-repeat":"repeat","background-position":"center center","background-size":"auto","background-attachment":"scroll","background-type":"","background-media":"","overlay-type":"","overlay-color":"","overlay-opacity":"","overlay-gradient":""},"mobile":{"background-color":"var(--ast-global-color-5)","background-image":"","background-repeat":"repeat","background-position":"center center","background-size":"auto","background-attachment":"scroll","background-type":"","background-media":"","overlay-type":"","overlay-color":"","overlay-opacity":"","overlay-gradient":""}},"_themeisle_gutenberg_block_has_review":false},"product_brand":[],"product_cat":[147,132],"product_tag":[],"class_list":{"0":"post-2982","1":"product","2":"type-product","3":"status-publish","4":"has-post-thumbnail","6":"product_cat-perelada","7":"product_cat-vinos","8":"desktop-align-center","9":"tablet-align-left","10":"mobile-align-left","12":"first","13":"instock","14":"taxable","15":"shipping-taxable","16":"product-type-simple"},"_links":{"self":[{"href":"https:\/\/ribetglobal.com\/index.php\/wp-json\/wp\/v2\/product\/2982","targetHints":{"allow":["GET"]}}],"collection":[{"href":"https:\/\/ribetglobal.com\/index.php\/wp-json\/wp\/v2\/product"}],"about":[{"href":"https:\/\/ribetglobal.com\/index.php\/wp-json\/wp\/v2\/types\/product"}],"version-history":[{"count":4,"href":"https:\/\/ribetglobal.com\/index.php\/wp-json\/wp\/v2\/product\/2982\/revisions"}],"predecessor-version":[{"id":3529,"href":"https:\/\/ribetglobal.com\/index.php\/wp-json\/wp\/v2\/product\/2982\/revisions\/3529"}],"wp:featuredmedia":[{"embeddable":true,"href":"https:\/\/ribetglobal.com\/index.php\/wp-json\/wp\/v2\/media\/2983"}],"wp:attachment":[{"href":"https:\/\/ribetglobal.com\/index.php\/wp-json\/wp\/v2\/media?parent=2982"}],"wp:term":[{"taxonomy":"product_brand","embeddable":true,"href":"https:\/\/ribetglobal.com\/index.php\/wp-json\/wp\/v2\/product_brand?post=2982"},{"taxonomy":"product_cat","embeddable":true,"href":"https:\/\/ribetglobal.com\/index.php\/wp-json\/wp\/v2\/product_cat?post=2982"},{"taxonomy":"product_tag","embeddable":true,"href":"https:\/\/ribetglobal.com\/index.php\/wp-json\/wp\/v2\/product_tag?post=2982"}],"curies":[{"name":"wp","href":"https:\/\/api.w.org\/{rel}","templated":true}]}}