{"id":2669,"date":"2024-01-30T04:10:34","date_gmt":"2024-01-30T03:10:34","guid":{"rendered":"https:\/\/ribetglobal.com\/index.php\/producto\/estrella-galicia33-cl-nr\/"},"modified":"2024-12-20T13:31:47","modified_gmt":"2024-12-20T12:31:47","slug":"estrella-galicia33-cl-nr","status":"publish","type":"product","link":"https:\/\/ribetglobal.com\/index.php\/producto\/estrella-galicia33-cl-nr\/","title":{"rendered":"ESTRELLA GALICIA 1\/3 NR CAJA DE 24"},"content":{"rendered":"<p>Cerveza Estrella Galicia Botella 24 * 33 cl No Retirable<\/p>\n<p>La cerveza Estrella Galicia, en su presentaci\u00f3n de botella, es conocida por sus caracter\u00edsticas distintivas, que incluyen:<\/p>\n<p>1. Sabor equilibrado: Estrella Galicia es una cerveza de tipo Lager con un sabor suave y equilibrado, con un ligero amargor y un toque refrescante.<\/p>\n<p>2. Aroma fresco: Presenta un aroma fresco y agradable, con matices sutiles que complementan su sabor.<\/p>\n<p>3. Calidad de los ingredientes: Estrella Galicia se elabora con ingredientes de alta calidad, incluyendo l\u00fapulo y malta seleccionados.<\/p>\n<p>4. Tradici\u00f3n: La marca Estrella Galicia tiene una larga tradici\u00f3n cervecera, con m\u00e1s de 100 a\u00f1os de experiencia en la elaboraci\u00f3n de cerveza.<\/p>\n<p>5. Popularidad: Es una cerveza popular en Espa\u00f1a y en otros mercados internacionales, apreciada por su calidad y sabor distintivo.<\/p>\n<p>Estas caracter\u00edsticas han contribuido a la reputaci\u00f3n de Estrella Galicia como una cerveza de calidad con un sabor distintivo y una larga historia de elaboraci\u00f3n artesanal.<\/p>\n<p>5. Calidad: Es una cerveza reconocida por su calidad y ha ganado numerosos premios internacionales por su sabor y excelencia en la elaboraci\u00f3n.<\/p>\n<p>Estas caracter\u00edsticas han contribuido a la reputaci\u00f3n de Estrella Galicia como una cerveza de calidad con un sabor distintivo y una larga historia de elaboraci\u00f3n artesanal.<\/p>\n","protected":false},"excerpt":{"rendered":"<p>Pack de 24<\/p>\n","protected":false},"featured_media":2313,"template":"","meta":{"site-sidebar-layout":"default","site-content-layout":"","ast-site-content-layout":"default","site-content-style":"default","site-sidebar-style":"default","ast-global-header-display":"","ast-banner-title-visibility":"","ast-main-header-display":"","ast-hfb-above-header-display":"","ast-hfb-below-header-display":"","ast-hfb-mobile-header-display":"","site-post-title":"","ast-breadcrumbs-content":"","ast-featured-img":"","footer-sml-layout":"","ast-disable-related-posts":"","theme-transparent-header-meta":"default","adv-header-id-meta":"","stick-header-meta":"","header-above-stick-meta":"","header-main-stick-meta":"","header-below-stick-meta":"","astra-migrate-meta-layouts":"set","ast-page-background-enabled":"default","ast-page-background-meta":{"desktop":{"background-color":"var(--ast-global-color-4)","background-image":"","background-repeat":"repeat","background-position":"center center","background-size":"auto","background-attachment":"scroll","background-type":"","background-media":"","overlay-type":"","overlay-color":"","overlay-opacity":"","overlay-gradient":""},"tablet":{"background-color":"","background-image":"","background-repeat":"repeat","background-position":"center center","background-size":"auto","background-attachment":"scroll","background-type":"","background-media":"","overlay-type":"","overlay-color":"","overlay-opacity":"","overlay-gradient":""},"mobile":{"background-color":"","background-image":"","background-repeat":"repeat","background-position":"center center","background-size":"auto","background-attachment":"scroll","background-type":"","background-media":"","overlay-type":"","overlay-color":"","overlay-opacity":"","overlay-gradient":""}},"ast-content-background-meta":{"desktop":{"background-color":"var(--ast-global-color-5)","background-image":"","background-repeat":"repeat","background-position":"center center","background-size":"auto","background-attachment":"scroll","background-type":"","background-media":"","overlay-type":"","overlay-color":"","overlay-opacity":"","overlay-gradient":""},"tablet":{"background-color":"var(--ast-global-color-5)","background-image":"","background-repeat":"repeat","background-position":"center center","background-size":"auto","background-attachment":"scroll","background-type":"","background-media":"","overlay-type":"","overlay-color":"","overlay-opacity":"","overlay-gradient":""},"mobile":{"background-color":"var(--ast-global-color-5)","background-image":"","background-repeat":"repeat","background-position":"center center","background-size":"auto","background-attachment":"scroll","background-type":"","background-media":"","overlay-type":"","overlay-color":"","overlay-opacity":"","overlay-gradient":""}},"_themeisle_gutenberg_block_has_review":false},"product_brand":[],"product_cat":[28,60],"product_tag":[],"class_list":{"0":"post-2669","1":"product","2":"type-product","3":"status-publish","4":"has-post-thumbnail","6":"product_cat-cervezas","7":"product_cat-estrella-galicia","8":"desktop-align-center","9":"tablet-align-left","10":"mobile-align-left","12":"first","13":"onbackorder","14":"taxable","15":"shipping-taxable","16":"product-type-simple"},"_links":{"self":[{"href":"https:\/\/ribetglobal.com\/index.php\/wp-json\/wp\/v2\/product\/2669","targetHints":{"allow":["GET"]}}],"collection":[{"href":"https:\/\/ribetglobal.com\/index.php\/wp-json\/wp\/v2\/product"}],"about":[{"href":"https:\/\/ribetglobal.com\/index.php\/wp-json\/wp\/v2\/types\/product"}],"version-history":[{"count":5,"href":"https:\/\/ribetglobal.com\/index.php\/wp-json\/wp\/v2\/product\/2669\/revisions"}],"predecessor-version":[{"id":3555,"href":"https:\/\/ribetglobal.com\/index.php\/wp-json\/wp\/v2\/product\/2669\/revisions\/3555"}],"wp:featuredmedia":[{"embeddable":true,"href":"https:\/\/ribetglobal.com\/index.php\/wp-json\/wp\/v2\/media\/2313"}],"wp:attachment":[{"href":"https:\/\/ribetglobal.com\/index.php\/wp-json\/wp\/v2\/media?parent=2669"}],"wp:term":[{"taxonomy":"product_brand","embeddable":true,"href":"https:\/\/ribetglobal.com\/index.php\/wp-json\/wp\/v2\/product_brand?post=2669"},{"taxonomy":"product_cat","embeddable":true,"href":"https:\/\/ribetglobal.com\/index.php\/wp-json\/wp\/v2\/product_cat?post=2669"},{"taxonomy":"product_tag","embeddable":true,"href":"https:\/\/ribetglobal.com\/index.php\/wp-json\/wp\/v2\/product_tag?post=2669"}],"curies":[{"name":"wp","href":"https:\/\/api.w.org\/{rel}","templated":true}]}}